2).
2
Let u(t) be the third derivative of -t**5/60 - 5*t**4/24 - t**3/3 + 4*t**2. What is u(-7)?
-16
Let m = 3 - -3. Let x be -1 + 1 - (-3 + m). Let n(o) = -5*o - 4. Calculate n(x).
11
Let n = 9 - 6. Suppose -n*h = -0*h. Let u(z) = -z - z**2 - z**3 + 4 + 2*z**3 + 2*z**2. What is u(h)?
4
Let j(c) = 3*c**2 - c. Suppose 0 = -n + 12 - 5. Let g(t) = -t**3 + 8*t**2 - 7*t + 2. Let h be g(n). Calculate j(h).
10
Let y(o) = 7*o**3 - 7*o**2 + 10*o - 10. Let d(k) = 15*k**3 - 14*k**2 + 21*k - 21. Let v(s) = 6*d(s) - 13*y(s). Determine v(6).
16
Let h(q) = -q**3 + 3*q**2 - 6*q - 10. Let i(a) = -a**2 - a - 1. Let b(p) = h(p) - 3*i(p). Suppose -4*v + 13 = -2*z + 3*z, -2*v = -4*z + 16. Determine b(z).
3
Let n(a) = -a - 6. Let f be n(-6). Suppose -4*i + 5*z - 20 = f, -i + 3*z - 6*z = 5. Let g(m) = -m - 1. Let q(d) = 4*d + 7. Let c(h) = -5*g(h) - q(h). Give c(i).
-7
Let y(j) = -2 + 0 + 108*j - 110*j. What is y(-3)?
4
Let f be (-8)/6*(-33)/22. Suppose -4*h - 6 = f. Let u(d) = -4*d. Calculate u(h).
8
Let t(w) = w**3 + 6*w**2 - 4*w + 6. Suppose -5*o + o - 28 = 0. Determine t(o).
-15
Let w(x) be the first derivative of -x**4/24 - x**3/3 - x**2 - 2. Let s(m) be the second derivative of w(m). What is s(4)?
-6
Suppose -13 + 53 = -2*n. Let m = -15 - n. Let b(d) = -d**3 + 5*d**2 - d + 6. Determine b(m).
1
Let v(p) = -p**3 + p**2 + 4*p + 1. Let d(f) = -f**3 + f**2 + 3. Let j be d(0). Suppose 0 = -w - j*w + 12. Calculate v(w).
-5
Let b(v) = -v**2 - 14*v - 3. Let h be b(-14). Let j(p) = -3*p**2 + 2*p + 4. Let l(s) = -13*s**2 + 9*s + 17. Let g(r) = 9*j(r) - 2*l(r). Give g(h).
-7
Let v(z) = 7*z**2 - 4*z + 3. Let k(x) = 15*x**2 - 9*x + 6. Let l(b) = 6*k(b) - 13*v(b). Calculate l(-3).
-6
Let c(i) = i**2 - 5*i + 6. Suppose 1 = 2*t - 7. Suppose -7 = r - t*x, 5*r + 2*x = 28 + 3. Determine c(r).
6
Let s(g) = -g**3 + 4*g**2 - g + 1. Let w = 5 + 4. Let k = w - 6. Give s(k).
7
Let l(k) = -2*k - 15. Let o be l(-8). Let q(h) be the second derivative of 7*h**5/20 - h**4/12 + h**3/6 + h. What is q(o)?
7
Let z(x) = x**2 - 4*x - 7. Let a = -4 + 6. Suppose a*b + 2*b = 8. Let g be (5/b)/((-3)/(-6)). Calculate z(g).
-2
Let i(z) be the second derivative of -1/20*z**5 - 5/12*z**4 + 0 - 1/2*z**2 - 5*z - 5/6*z**3. Calculate i(-4).
3
Suppose 0 = -4*u + 18 + 2. Let n = 8 - u. Suppose 2*j + 21 = x + 2*x, -5*j + n*x = 30. Let l(d) = d - 3. Determine l(j).
-6
Let m(y) be the second derivative of -y**5/20 + y**4/12 - y**3/6 + 2*y**2 + 9*y. Give m(0).
4
Let i(k) be the third derivative of 11*k**4/24 - k**3/6 - k**2. Suppose 0 = 3*n + n. Suppose n = 4*b + 5*p + 21, -5*b + 0*p + 20 = -3*p. Determine i(b).
10
Let l(o) = 6 + 7*o + 7 - 11 - o**2. Let f(k) = 5*k**2 - 2*k - 1. Let x be f(-1). Give l(x).
8
Let g(x) = -5*x + 3. Let d(v) = 1. Let s = 7 + -4. Let f(k) = s*d(k) - g(k). Let p be (-9)/(-12) - (-1)/4. What is f(p)?
5
Suppose 4*f - 1 = 15. Let z be 6/f*(-12)/(-9). Let q(r) = -z*r**2 - 2*r**2 + 4*r + 3*r**2. What is q(4)?
0
Let f be ((-3)/2)/((-18)/(-48)). Let k be f/(-3)*(-21)/14. Let p(u) = u**2 - 2*u - 2. What is p(k)?
6
Let z = 194 + -197. Let v(i) be the third derivative of i**6/120 + i**5/30 + i**4/24 + i**3/3 + i**2. What is v(z)?
-10
Suppose 0 = -5*u + 5, -2*u + 5*u - 28 = -l. Let f be (-6)/10 - 110/l. Let t be -5*1*f/25. Let x(a) = -7*a - 1. Give x(t).
-8
Let v(z) be the second derivative of -z**3/2 - z**2 - 4*z. What is v(-2)?
4
Suppose -2*x - x + 6 = 0. Suppose k = -4*c + 3*c + 5, c = -5*k + 9. Let d(g) = 0 + 0 - 2*g + c*g + 2. What is d(x)?
6
Suppose -2*r = -3*j - 4, -3*r + 7 = -6*r - 2*j. Let x(a) = 0*a**2 - 6*a**2 + 3*a**2 + 1. Determine x(r).
-2
Let c(z) = -13*z**2 - 44*z + 5. Let f(h) = 7*h**2 + 23*h - 3. Let u(k) = -6*c(k) - 11*f(k). Determine u(-10).
-7
Let n = 602 + -594. Let g(i) be the first derivative of i**4/4 - 3*i**3 + 4*i**2 + 1. Calculate g(n).
0
Let z be 4/((6/(-3))/2). Let x be (3 - 3) + 8/z. Let o(n) = 4*n - 1. Calculate o(x).
-9
Let k(v) be the third derivative of v**6/20 - v**5/60 + v**2. Determine k(-1).
-7
Let m(l) = l**3 + 4*l**2 - 5*l. Suppose 5*v - 14 = 11. Let b(z) = 6*z + 5 - 4*z - 4*z. Let d be b(v). Determine m(d).
0
Let n(t) = -t + 3 - 475*t**2 + 474*t**2 + 2*t. Calculate n(4).
-9
Let n be 56/9 + 36/(-162). Let z(s) = s**3 - 7*s**2 + 6*s + 7. Give z(n).
7
Let q(d) = -d - 7. Let h(z) = -z - 8. Let l(j) = -2*h(j) + 3*q(j). What is l(-6)?
1
Let u(t) = 0 - 9*t - 3 + 11*t + 0. Suppose -3*j + 17 = i, -3*j = j - i - 11. What is u(j)?
5
Let j(d) = -3*d + 1. Suppose 0 = -4*k + 9*k - 30. Suppose -k = -7*c + 4*c. Let t be (1 - c)*(-4)/(-2). Calculate j(t).
7
Let a(p) = 97*p - 48*p - 2*p**3 + 4 + p**3 + 4*p**2 - 51*p. Give a(4).
-4
Let a(x) = x**3 + 6*x**2 - 2*x - 2. Let r(s) = -2*s**3 - 7*s**2 + s + 3. Let u(d) = 3*a(d) + 2*r(d). Suppose 4*b + 9 - 21 = 0. Let m = 6 - b. Calculate u(m).
-3
Suppose 2*f - 2*h = 16, -4*h - 42 = 2*f - 7*f. Suppose 4*a - f = 2*a. Let v(p) = -5 - 5*p + p**2 + 0 + 0*p. Determine v(a).
-5
Let m(y) = -y**2 + 1. Let o(w) be the first derivative of 7*w**3/3 - w**2 - 5*w - 2. Let v(l) = 6*m(l) + o(l). Let t = 4 + -2. Give v(t).
1
Let c(q) = -6*q. Let f be (2 + -1)/((-3)/6). Let l be 8/(-12) + f/6. What is c(l)?
6
Let m(g) = -g**2 - 10*g - 10. Let x be m(-9). Let r(f) = 2*f + 1 + f - 2*f. Calculate r(x).
0
Suppose o + 0 = -3. Let g be ((-5)/o)/(2/6). Let p(c) = 2*c**2 - 25*c - 2. Let h(r) = -r**2 + 12*r + 1. Let m(s) = 13*h(s) + 6*p(s). Determine m(g).
6
Let s(t) = -4*t**2 - 6*t**3 - 7*t**3 + 12*t**3 + 6*t - 4. Determine s(-5).
-9
Let f(z) = -z**3 - 7*z**2 + 8*z - 1. Let j be f(-8). Let h(o) = 2*o**2 + 2 + 1 - 4. Determine h(j).
1
Let w = 13 - 11. Let s(z) = z**3 - 2*z**2 - 3*z + 3. Let g be s(w). Let t(a) be the first derivative of a**4/4 + a**3 + a**2/2 + a + 1. Calculate t(g).
-2
Let x(z) = -z + 7. Let a be x(5). Let u(o) = o + o**3 + a + 0*o + 4*o - 6*o**2. What is u(4)?
-10
Let w be -6*4*3/9. Let o = w - -5. Let k(l) = 0 + 4 - 2*l - 6 + l**2 + 5*l. What is k(o)?
-2
Let r be (-8)/(-12) - 4/6 - -1. Let b(h) = -13*h. Determine b(r).
-13
Let t(x) = x**3 + 4*x**2 + 3*x + 5. Let z(d) = -d**3 + 10*d**2 + 25*d - 16. Let j be z(12). What is t(j)?
-7
Let k(f) = f**2 + 4*f + 4. Let l be k(-4). Let h(z) = -l*z - 6 - 3*z**2 + 2 + 4*z**2. Let i(v) = -v**2 + 7*v - 2. Let t be i(6). What is h(t)?
-4
Let k(z) = z - 8. Let j = -17 - -23. What is k(j)?
-2
Let m(l) = l - 3. Let u(c) = -c**3 - 3*c**2 + 3*c - 4. Let b be u(-5). Suppose 2*f + 25 = v - 4*v, -5*f = -3*v + b. Let h = -13 - f. Calculate m(h).
-8
Let z(v) = -2*v - 7. Let q be z(-3). Let i(f) = 5*f**2. Calculate i(q).
5
Suppose -5*d = -5*z + 35, 3*z = 5*d - d + 26. Suppose -3*t = z*t. Let j(n) = -n**3 - n**2 + n - 5. Determine j(t).
-5
Let u(z) = z + 7. Suppose -o - 2*v = -2, -8 - 15 = o - 3*v. Let a be u(o). Let b(j) = -9*j**3 + j. Give b(a).
8
Suppose -6*g = -3*g - 9. Let y(l) = -2*l + 1. Calculate y(g).
-5
Let w(q) = 0*q - 3*q**2 + 13 - 2*q - 11. Suppose 2*u - 4 = -x + 4, u - 18 = -4*x. Determine w(u).
-14
Let i be (1/(-2) + 0)*0. Suppose -3 + i = 3*k. Let d(g) = 4*g - g + g. Calculate d(k).
-4
Let i(w) be the second derivative of 0 + 1/20*w**5 + 1/2*w**2 + 1/3*w**4 - 3*w + 1/3*w**3. Give i(-4).
-7
Let i(p) = 2 - 4 + 4 + p**2 - 5*p. Suppose 0 = -5*h - 6 - 4, -s = 5*h. Suppose 0 = -4*q + 10 + s. Calculate i(q).
2
Let d(t) be the third derivative of -t**4/6 - t**3 - t**2. Give d(-4).
10
Let i(z) = -2 + 10*z + 9*z - 18*z. Suppose 0 = -2*r + 20 + 4. Suppose 0 = -3*g + 7*g - r. What is i(g)?
1
Suppose -3*l = h + 8, h - l = -4*h + 24. Suppose -3*q = 3*a + 12, -a - h*q = -2*a + 21. Suppose z - a = 1. Let p(v) = -4*v. Give p(z).
-8
Let t be (-1)/(-2) - 23/(-2). Let r = 72 - 65. Let g = t - r. Let p(f) = -f**2 + 6*f + 2. Give p(g).
7
Suppose 0 = -5*g + 10*g. Let x(z) = -z**2 - z - 6. Give x(g).
-6
Let a be (-1)/(-2 - 10/(-4)). Let c be (6/a)/(3/(-3)). Let y(i) = i + i**2 + 2 - 1 + 5*i**c + 0*i. Give y(-1).
-4
Let p(d) = 2*d - 1. Suppose -v = i + v - 1, 4*i + 4*v = 0. What is p(i)?
-3
Let q(s) = -6*s**3 + 2*s**2 - 1. Let m = -3 + 4. What is q(m)?
-5
Let v(i) be the third derivative of -i**7/5040 + i**6/90 + i**5/60 + 6*i**2. Let b(z) be the third derivative of v(z). Give b(0).
8
Let z(a) = -a**3 + 4*a**2 - a - 2. Let f(r) = r**2 - 32. Let u be f(-6). What is z(u)?
-6
Let l(x) = 2*x**2 - 10*x + 6. Let a(h) = 3*h**2